ulate the remainder when 27202 is divided by 8885.
547
What is the remainder when 2013733 is divided by 17?
15
Calculate the remainder when 66075 is divided by 3303.
15
What is the remainder when 16209 is divided by 1797?
36
What is the remainder when 1103 is divided by 359?
26
What is the remainder when 16628 is divided by 5470?
218
Calculate the remainder when 52382 is divided by 970.
2
What is the remainder when 5644847 is divided by 10?
7
What is the remainder when 5288 is divided by 90?
68
Calculate the remainder when 823 is divided by 23.
18
What is the remainder when 9860 is divided by 3279?
23
Calculate the remainder when 877 is divided by 27.
13
Calculate the remainder when 975 is divided by 760.
215
Calculate the remainder when 42442 is divided by 25.
17
Calculate the remainder when 5424327 is divided by 182.
181
Calculate the remainder when 306659 is divided by 538.
537
Calculate the remainder when 4668 is divided by 79.
7
What is the remainder when 9457 is divided by 123?
109
Calculate the remainder when 98415 is divided by 269.
230
Calculate the remainder when 104400 is divided by 104391.
9
Calculate the remainder when 15732 is divided by 1074.
696
What is the remainder when 7434 is divided by 248?
242
Calculate the remainder when 8891 is divided by 8755.
136
Calculate the remainder when 137995 is divided by 1022.
25
What is the remainder when 46718 is divided by 383?
375
What is the remainder when 109842 is divided by 28?
26
What is the remainder when 375197 is divided by 1014?
17
Calculate the remainder when 5609 is divided by 190.
99
Calculate the remainder when 10951 is divided by 3649.
4
What is the remainder when 6358 is divided by 90?
58
Calculate the remainder when 251741 is divided by 35961.
14
What is the remainder when 520624 is divided by 125?
124
What is the remainder when 436 is divided by 126?
58
What is the remainder when 65288 is divided by 21758?
14
Calculate the remainder when 112806 is divided by 49.
8
What is the remainder when 17322 is divided by 219?
21
Calculate the remainder when 34525 is divided by 26.
23
Calculate the remainder when 389498 is divided by 84.
74
What is the remainder when 257348 is divided by 327?
326
What is the remainder when 9831 is divided by 2947?
990
Calculate the remainder when 121791 is divided by 39.
33
What is the remainder when 39372 is divided by 1458?
6
Calculate the remainder when 16720 is divided by 201.
37
Calculate the remainder when 2691 is divided by 646.
107
Calculate the remainder when 1671 is divided by 85.
56
Calculate the remainder when 19191 is divided by 392.
375
What is the remainder when 7399 is divided by 4?
3
Calculate the remainder when 37749 is divided by 457.
275
What is the remainder when 82304 is divided by 465?
464
What is the remainder when 36886 is divided by 424?
422
What is the remainder when 52408 is divided by 5?
3
What is the remainder when 11199 is divided by 508?
23
Calculate the remainder when 7808 is divided by 17.
5
Calculate the remainder when 4508 is divided by 449.
18
What is the remainder when 1641 is divided by 136?
9
What is the remainder when 21757 is divided by 21747?
10
Calculate the remainder when 304105 is divided by 332.
325
Calculate the remainder when 2833 is divided by 650.
233
What is the remainder when 2324 is divided by 59?
23
Calculate the remainder when 11665 is divided by 271.
12
What is the remainder when 18791 is divided by 606?
5
What is the remainder when 3637 is divided by 419?
285
Calculate the remainder when 283556 is divided by 142.
124
What is the remainder when 3811 is divided by 65?
41
What is the remainder when 10517 is divided by 5250?
17
Calculate the remainder when 17217 is divided by 50.
17
What is the remainder when 1288 is divided by 1068?
220
What is the remainder when 193118 is divided by 193107?
11
What is the remainder when 36382 is divided by 79?
42
What is the remainder when 76897 is divided by 323?
23
What is the remainder when 3749 is divided by 626?
619
What is the remainder when 8581 is divided by 2138?
29
What is the remainder when 93340 is divided by 360?
100
What is the remainder when 20164 is divided by 246?
238
What is the remainder when 997 is divided by 163?
19
What is the remainder when 268410 is divided by 932?
926
What is the remainder when 10118 is divided by 626?
102
What is the remainder when 35374 is divided by 332?
182
Calculate the remainder when 55123 is divided by 154.
145
What is the remainder when 9068 is divided by 162?
158
What is the remainder when 441 is divided by 237?
204
What is the remainder when 182104 is divided by 182104?
0
Calculate the remainder when 190021 is divided by 406.
13
Calculate the remainder when 1402 is divided by 1214.
188
What is the remainder when 11557 is divided by 4?
1
Calculate the remainder when 11248 is divided by 471.
415
What is the remainder when 904682 is divided by 1151?
1147
Calculate the remainder when 13010 is divided by 518.
60
What is the remainder when 177776 is divided by 177726?
50
What is the remainder when 372374 is divided by 16?
6
What is the remainder when 172566 is divided by 35?
16
What is the remainder when 529198 is divided by 189?
187
Calculate the remainder when 9546 is divided by 2317.
278
What is the remainder when 1222 is divided by 93?
13
Calculate the remainder when 4819 is divided by 181.
113
Calculate the remainder when 23827 is divided by 11904.
19
Calculate the remainder when 2799 is divided by 683.
67
Calculate the remainder when 7055 is divided by 39.
35
Calculate the remainder when 16660 is divided by 97.
73
Calculate the remainder when 20802 is divided by 424.
26
What is the remainder when 71106 is divided by 4?
2
Calculate the remainder when 5655 is divided by 211.
169
What is the remainder when 4442 is divided by 171?
167
Calculate the remainder when 910145 is divided by 303377.
14
What is the remainder when 11652 is divided by 5823?
6
What is the remainder when 15495 is divided by 15488?
7
Calculate the remainder when 26786 is divided by 241.
35
Calculate the remainder when 213902 is divided by 464.
462
What is the remainder when 24434 is divided by 36?
26
What is the remainder when 3194773 is divided by 221?
218
What is the remainder when 355562 is divided by 88886?
18
What is the remainder when 19458 is divided by 777?
33
Calculate the remainder when 836 is divided by 210.
206
Calculate the remainder when 239560 is divided by 14.
6
Calculate the remainder when 195129 is divided by 195116.
13
Calculate the remainder when 160881 is divided by 8936.
33
Calculate the remainder when 17198 is divided by 43.
41
Calculate the remainder when 986 is divided by 75.
11
Calculate the remainder when 3687 is divided by 1220.
27
What is the remainder when 182452 is divided by 141?
139
What is the remainder when 71974 is divided by 17?
13
Calculate the remainder when 1010237 is divided by 224.
221
What is the remainder when 200702 is divided by 256?
254
What is the remainder when 301530 is divided by 18?
12
Calculate the remainder when 5039 is divided by 343.
237
What is the remainder when 159036 is divided by 23?
14
What is the remainder when 493218 is divided by 7?
5
What is the remainder when 539 is divided by 169?
32
Calculate the remainder when 24981 is divided by 43.
41
Calculate the remainder when 199331 is divided by 660.
11
What is the remainder when 17348 is divided by 22?
12
Calculate the remainder when 2325 is divided by 36.
21
What is the remainder when 24634 is divided by 103?
17
What is the remainder when 391015 is divided by 187?
185
What is the remainder when 243237 is divided by 74?
73
Calculate the remainder when 418701 is divided by 69.
9
What is the remainder when 2116 is divided by 1052?
12
Calculate the remainder when 25645 is divided by 112.
109
Calculate the remainder when 19597 is divided by 142.
1
Calculate the remainder when 3147 is divided by 62.
47
Calculate the remainder when 9127 is divided by 2781.
784
What is the remainder when 15421 is divided by 94?
5
What is the remainder when 55338 is divided by 27667?
4
Calculate the remainder when 9875 is divided by 224.
19
Calculate the remainder when 32389 is divided by 433.
347
Calculate the remainder when 6344 is divided by 2108.
20
Ca